{"id":1645,"date":"2025-03-31T22:44:57","date_gmt":"2025-03-31T22:44:57","guid":{"rendered":"https:\/\/prime-service.xyz\/?post_type=product&#038;p=1645"},"modified":"2025-05-04T08:52:41","modified_gmt":"2025-05-04T08:52:41","slug":"haribo","status":"publish","type":"product","link":"https:\/\/solid-24-7.com\/index.php\/produkt\/haribo\/","title":{"rendered":"Haribo"},"content":{"rendered":"","protected":false},"excerpt":{"rendered":"<h3>Zutaten<\/h3>\n<table border=\"1\" cellpadding=\"8\" cellspacing=\"0\">\n<tr>\n<td><strong>Zutaten:<\/strong><\/td>\n<td>\n      Glukosesirup, Zucker, Dextrose, Gelatine, S\u00e4uerungsmittel: Citronens\u00e4ure, \u00c4pfels\u00e4ure,<br \/>\n      Frucht- und Pflanzenkonzentrate: Spirulina, Karotte, Saflor, S\u00fc\u00dfkartoffel, Rettich, Zitrone, Apfel,<br \/>\n      S\u00e4ureregulator: Natriummalat, Aroma.\n    <\/td>\n<\/tr>\n<tr>\n<td><strong>Allergene:<\/strong><\/td>\n<td>Kann Spuren von <strong>MILCH<\/strong>, <strong>WEIZEN<\/strong> enthalten.<\/td>\n<\/tr>\n<tr>\n<td><strong>Lagerung:<\/strong><\/td>\n<td>Vor W\u00e4rme und Feuchtigkeit sch\u00fctzen.<\/td>\n<\/tr>\n<\/table>\n","protected":false},"featured_media":1646,"comment_status":"open","ping_status":"closed","template":"","meta":[],"product_brand":[],"product_cat":[19,18],"product_tag":[],"class_list":{"0":"post-1645","1":"product","2":"type-product","3":"status-publish","4":"has-post-thumbnail","6":"product_cat-best-deals","7":"product_cat-snacks","8":"product_shipping_class-normal","9":"thunk-woo-product-list","10":"th-shop-mania-woo-hover-","11":"open-single-product-tab-horizontal","12":"open-shadow-","13":"open-shadow-hover-","15":"first","16":"instock","17":"taxable","18":"shipping-taxable","19":"purchasable","20":"product-type-simple"},"yoast_head":"<!-- This site is optimized with the Yoast SEO plugin v25.2 - https:\/\/yoast.com\/wordpress\/plugins\/seo\/ -->\n<title>Haribo - Solid-24\/7<\/title>\n<meta name=\"robots\" content=\"index, follow, max-snippet:-1, max-image-preview:large, max-video-preview:-1\" \/>\n<link rel=\"canonical\" href=\"https:\/\/solid-24-7.com\/index.php\/produkt\/haribo\/\" \/>\n<meta property=\"og:locale\" content=\"de_DE\" \/>\n<meta property=\"og:type\" content=\"article\" \/>\n<meta property=\"og:title\" content=\"Haribo - Solid-24\/7\" \/>\n<meta property=\"og:description\" content=\"Zutaten      Zutaten:       Glukosesirup, Zucker, Dextrose, Gelatine, S\u00e4uerungsmittel: Citronens\u00e4ure, \u00c4pfels\u00e4ure,     Frucht- und Pflanzenkonzentrate: Spirulina, Karotte, Saflor, S\u00fc\u00dfkartoffel, Rettich, Zitrone, Apfel,     S\u00e4ureregulator: Natriummalat, Aroma.          Allergene:   Kann Spuren von MILCH, WEIZEN enthalten.       Lagerung:   Vor W\u00e4rme und Feuchtigkeit sch\u00fctzen.\" \/>\n<meta property=\"og:url\" content=\"https:\/\/solid-24-7.com\/index.php\/produkt\/haribo\/\" \/>\n<meta property=\"og:site_name\" content=\"Solid-24\/7\" \/>\n<meta property=\"article:modified_time\" content=\"2025-05-04T08:52:41+00:00\" \/>\n<meta property=\"og:image\" content=\"https:\/\/solid-24-7.com\/wp-content\/uploads\/2025\/03\/haribo.png\" \/>\n\t<meta property=\"og:image:width\" content=\"204\" \/>\n\t<meta property=\"og:image:height\" content=\"200\" \/>\n\t<meta property=\"og:image:type\" content=\"image\/png\" \/>\n<meta name=\"twitter:card\" content=\"summary_large_image\" \/>\n<meta name=\"twitter:label1\" content=\"Gesch\u00e4tzte Lesezeit\" \/>\n\t<meta name=\"twitter:data1\" content=\"1\u00a0Minute\" \/>\n<script type=\"application\/ld+json\" class=\"yoast-schema-graph\">{\"@context\":\"https:\/\/schema.org\",\"@graph\":[{\"@type\":\"WebPage\",\"@id\":\"https:\/\/solid-24-7.com\/index.php\/produkt\/haribo\/\",\"url\":\"https:\/\/solid-24-7.com\/index.php\/produkt\/haribo\/\",\"name\":\"Haribo - Solid-24\/7\",\"isPartOf\":{\"@id\":\"https:\/\/solid-24-7.com\/#website\"},\"primaryImageOfPage\":{\"@id\":\"https:\/\/solid-24-7.com\/index.php\/produkt\/haribo\/#primaryimage\"},\"image\":{\"@id\":\"https:\/\/solid-24-7.com\/index.php\/produkt\/haribo\/#primaryimage\"},\"thumbnailUrl\":\"https:\/\/solid-24-7.com\/wp-content\/uploads\/2025\/03\/haribo.png\",\"datePublished\":\"2025-03-31T22:44:57+00:00\",\"dateModified\":\"2025-05-04T08:52:41+00:00\",\"breadcrumb\":{\"@id\":\"https:\/\/solid-24-7.com\/index.php\/produkt\/haribo\/#breadcrumb\"},\"inLanguage\":\"de\",\"potentialAction\":[{\"@type\":\"ReadAction\",\"target\":[\"https:\/\/solid-24-7.com\/index.php\/produkt\/haribo\/\"]}]},{\"@type\":\"ImageObject\",\"inLanguage\":\"de\",\"@id\":\"https:\/\/solid-24-7.com\/index.php\/produkt\/haribo\/#primaryimage\",\"url\":\"https:\/\/solid-24-7.com\/wp-content\/uploads\/2025\/03\/haribo.png\",\"contentUrl\":\"https:\/\/solid-24-7.com\/wp-content\/uploads\/2025\/03\/haribo.png\",\"width\":204,\"height\":200},{\"@type\":\"BreadcrumbList\",\"@id\":\"https:\/\/solid-24-7.com\/index.php\/produkt\/haribo\/#breadcrumb\",\"itemListElement\":[{\"@type\":\"ListItem\",\"position\":1,\"name\":\"Startseite\",\"item\":\"https:\/\/solid-24-7.com\/\"},{\"@type\":\"ListItem\",\"position\":2,\"name\":\"Shop\",\"item\":\"https:\/\/solid-24-7.com\/index.php\/shop\/\"},{\"@type\":\"ListItem\",\"position\":3,\"name\":\"Haribo\"}]},{\"@type\":\"WebSite\",\"@id\":\"https:\/\/solid-24-7.com\/#website\",\"url\":\"https:\/\/solid-24-7.com\/\",\"name\":\"Solid-24\/7\",\"description\":\"\",\"publisher\":{\"@id\":\"https:\/\/solid-24-7.com\/#organization\"},\"potentialAction\":[{\"@type\":\"SearchAction\",\"target\":{\"@type\":\"EntryPoint\",\"urlTemplate\":\"https:\/\/solid-24-7.com\/?s={search_term_string}\"},\"query-input\":{\"@type\":\"PropertyValueSpecification\",\"valueRequired\":true,\"valueName\":\"search_term_string\"}}],\"inLanguage\":\"de\"},{\"@type\":\"Organization\",\"@id\":\"https:\/\/solid-24-7.com\/#organization\",\"name\":\"Solid-24\/7\",\"url\":\"https:\/\/solid-24-7.com\/\",\"logo\":{\"@type\":\"ImageObject\",\"inLanguage\":\"de\",\"@id\":\"https:\/\/solid-24-7.com\/#\/schema\/logo\/image\/\",\"url\":\"https:\/\/solid-24-7.com\/wp-content\/uploads\/2025\/04\/cropped-ChatGPT-Image-19.-Apr.-2025-01_13_47.png\",\"contentUrl\":\"https:\/\/solid-24-7.com\/wp-content\/uploads\/2025\/04\/cropped-ChatGPT-Image-19.-Apr.-2025-01_13_47.png\",\"width\":762,\"height\":326,\"caption\":\"Solid-24\/7\"},\"image\":{\"@id\":\"https:\/\/solid-24-7.com\/#\/schema\/logo\/image\/\"}}]}<\/script>\n<!-- \/ Yoast SEO plugin. -->","yoast_head_json":{"title":"Haribo - Solid-24\/7","robots":{"index":"index","follow":"follow","max-snippet":"max-snippet:-1","max-image-preview":"max-image-preview:large","max-video-preview":"max-video-preview:-1"},"canonical":"https:\/\/solid-24-7.com\/index.php\/produkt\/haribo\/","og_locale":"de_DE","og_type":"article","og_title":"Haribo - Solid-24\/7","og_description":"Zutaten      Zutaten:       Glukosesirup, Zucker, Dextrose, Gelatine, S\u00e4uerungsmittel: Citronens\u00e4ure, \u00c4pfels\u00e4ure,     Frucht- und Pflanzenkonzentrate: Spirulina, Karotte, Saflor, S\u00fc\u00dfkartoffel, Rettich, Zitrone, Apfel,     S\u00e4ureregulator: Natriummalat, Aroma.          Allergene:   Kann Spuren von MILCH, WEIZEN enthalten.       Lagerung:   Vor W\u00e4rme und Feuchtigkeit sch\u00fctzen.","og_url":"https:\/\/solid-24-7.com\/index.php\/produkt\/haribo\/","og_site_name":"Solid-24\/7","article_modified_time":"2025-05-04T08:52:41+00:00","og_image":[{"width":204,"height":200,"url":"https:\/\/solid-24-7.com\/wp-content\/uploads\/2025\/03\/haribo.png","type":"image\/png"}],"twitter_card":"summary_large_image","twitter_misc":{"Gesch\u00e4tzte Lesezeit":"1\u00a0Minute"},"schema":{"@context":"https:\/\/schema.org","@graph":[{"@type":"WebPage","@id":"https:\/\/solid-24-7.com\/index.php\/produkt\/haribo\/","url":"https:\/\/solid-24-7.com\/index.php\/produkt\/haribo\/","name":"Haribo - Solid-24\/7","isPartOf":{"@id":"https:\/\/solid-24-7.com\/#website"},"primaryImageOfPage":{"@id":"https:\/\/solid-24-7.com\/index.php\/produkt\/haribo\/#primaryimage"},"image":{"@id":"https:\/\/solid-24-7.com\/index.php\/produkt\/haribo\/#primaryimage"},"thumbnailUrl":"https:\/\/solid-24-7.com\/wp-content\/uploads\/2025\/03\/haribo.png","datePublished":"2025-03-31T22:44:57+00:00","dateModified":"2025-05-04T08:52:41+00:00","breadcrumb":{"@id":"https:\/\/solid-24-7.com\/index.php\/produkt\/haribo\/#breadcrumb"},"inLanguage":"de","potentialAction":[{"@type":"ReadAction","target":["https:\/\/solid-24-7.com\/index.php\/produkt\/haribo\/"]}]},{"@type":"ImageObject","inLanguage":"de","@id":"https:\/\/solid-24-7.com\/index.php\/produkt\/haribo\/#primaryimage","url":"https:\/\/solid-24-7.com\/wp-content\/uploads\/2025\/03\/haribo.png","contentUrl":"https:\/\/solid-24-7.com\/wp-content\/uploads\/2025\/03\/haribo.png","width":204,"height":200},{"@type":"BreadcrumbList","@id":"https:\/\/solid-24-7.com\/index.php\/produkt\/haribo\/#breadcrumb","itemListElement":[{"@type":"ListItem","position":1,"name":"Startseite","item":"https:\/\/solid-24-7.com\/"},{"@type":"ListItem","position":2,"name":"Shop","item":"https:\/\/solid-24-7.com\/index.php\/shop\/"},{"@type":"ListItem","position":3,"name":"Haribo"}]},{"@type":"WebSite","@id":"https:\/\/solid-24-7.com\/#website","url":"https:\/\/solid-24-7.com\/","name":"Solid-24\/7","description":"","publisher":{"@id":"https:\/\/solid-24-7.com\/#organization"},"potentialAction":[{"@type":"SearchAction","target":{"@type":"EntryPoint","urlTemplate":"https:\/\/solid-24-7.com\/?s={search_term_string}"},"query-input":{"@type":"PropertyValueSpecification","valueRequired":true,"valueName":"search_term_string"}}],"inLanguage":"de"},{"@type":"Organization","@id":"https:\/\/solid-24-7.com\/#organization","name":"Solid-24\/7","url":"https:\/\/solid-24-7.com\/","logo":{"@type":"ImageObject","inLanguage":"de","@id":"https:\/\/solid-24-7.com\/#\/schema\/logo\/image\/","url":"https:\/\/solid-24-7.com\/wp-content\/uploads\/2025\/04\/cropped-ChatGPT-Image-19.-Apr.-2025-01_13_47.png","contentUrl":"https:\/\/solid-24-7.com\/wp-content\/uploads\/2025\/04\/cropped-ChatGPT-Image-19.-Apr.-2025-01_13_47.png","width":762,"height":326,"caption":"Solid-24\/7"},"image":{"@id":"https:\/\/solid-24-7.com\/#\/schema\/logo\/image\/"}}]}},"jetpack_sharing_enabled":true,"_links":{"self":[{"href":"https:\/\/solid-24-7.com\/index.php\/wp-json\/wp\/v2\/product\/1645","targetHints":{"allow":["GET"]}}],"collection":[{"href":"https:\/\/solid-24-7.com\/index.php\/wp-json\/wp\/v2\/product"}],"about":[{"href":"https:\/\/solid-24-7.com\/index.php\/wp-json\/wp\/v2\/types\/product"}],"replies":[{"embeddable":true,"href":"https:\/\/solid-24-7.com\/index.php\/wp-json\/wp\/v2\/comments?post=1645"}],"wp:featuredmedia":[{"embeddable":true,"href":"https:\/\/solid-24-7.com\/index.php\/wp-json\/wp\/v2\/media\/1646"}],"wp:attachment":[{"href":"https:\/\/solid-24-7.com\/index.php\/wp-json\/wp\/v2\/media?parent=1645"}],"wp:term":[{"taxonomy":"product_brand","embeddable":true,"href":"https:\/\/solid-24-7.com\/index.php\/wp-json\/wp\/v2\/product_brand?post=1645"},{"taxonomy":"product_cat","embeddable":true,"href":"https:\/\/solid-24-7.com\/index.php\/wp-json\/wp\/v2\/product_cat?post=1645"},{"taxonomy":"product_tag","embeddable":true,"href":"https:\/\/solid-24-7.com\/index.php\/wp-json\/wp\/v2\/product_tag?post=1645"}],"curies":[{"name":"wp","href":"https:\/\/api.w.org\/{rel}","templated":true}]}}